factors of r?
151
Let l(f) = -6187*f + 218. List the prime factors of l(-3).
89, 211
Suppose 28*k + 12492 + 4560 = 0. Let g = -421 - k. What are the prime factors of g?
2, 47
Suppose -20*i - 42*i + 470022 = 0. What are the prime factors of i?
3, 7, 19
Let o be 2/(-5) - 5/((-75)/201). Let t be (5/2 + 2)*(-20)/6. What are the prime factors of (-218)/(-2) + -2 + o + t?
3, 5, 7
Let f be -3 + (-4)/(-2) + 5. Suppose -5*r = -5*y + 2020, -1608 = -f*y + 5*r - 3*r. List the prime factors of y.
2, 5
Let u = -257 - -258. What are the prime factors of u*123 + 20 + -19?
2, 31
Let v(r) = 2*r**2 + 11*r + 31. Let i be v(-9). Let o = 306 - i. What are the prime factors of o?
2, 53
Suppose -4075 - 10989 = -14*j. Let n = -436 + j. List the prime factors of n.
2, 5
Suppose -11*x - 1555 = -16*x. Suppose 311 = t + 2*i + i, t + 2*i - x = 0. What are the prime factors of t?
311
Suppose -1275129 = 301*o - 328*o. What are the prime factors of o?
83, 569
Suppose 7*j + 114 = 9*j. Let t = j + -65. Let x = 28 - t. What are the prime factors of x?
2, 3
Suppose 0 = -4*b + 3*r - 2 + 29, 3*b = -2*r + 33. Let p(v) = 8*v**2 - 34*v + 6. List the prime factors of p(b).
2, 3, 29
Suppose 34463 = 6*t - 8959. Suppose 11*n - t + 1440 = 0. What are the prime factors of n?
17, 31
Let g = 680 - -499. Let c = g + -285. What are the prime factors of c?
2, 3, 149
Suppose 23 = 9*b + 5. Suppose 0 = p - 4*u - 219, b*p - 527 = u - 82. What are the prime factors of p?
223
Suppose 230*b - 224*b - 56940 = 0. List the prime factors of b.
2, 5, 13, 73
Suppose 25*z - 5105 = -3*z + 24267. What are the prime factors of z?
1049
Let s(b) = 5799*b**2 - 22*b - 17. What are the prime factors of s(-1)?
2, 1451
Let s(q) = -2528*q - 4421. What are the prime factors of s(-19)?
3, 14537
Let h be 3/(-6*(-2)/(-8)). List the prime factors of h + ((-66)/(-11) - (-2148)/2).
2, 7, 11
Suppose 0 = -4*r - 20, -4*o + 71 - 3 = -4*r. What are the prime factors of (-13846)/(-21) - (-8)/o?
2, 3, 5, 11
Let w(i) = 2*i**2 + 2*i - 2. Let r be w(1). Let f be 6205/(-34) + r/4. Let a = -98 - f. List the prime factors of a.
2, 3, 7
Suppose -3*c + 1434 = -s, -3*s + 0*s = -c + 478. Let u = -222 + c. List the prime factors of u.
2
Suppose 0 = -0*c + 5*c. Let a = 1118 - 1116. Suppose c = -u + 1 + a. List the prime factors of u.
3
Let q(d) = 165*d - 3. Let z = 48 - 44. Suppose -2*w + a + 6 = z, w + 2*a - 1 = 0. List the prime factors of q(w).
2, 3
Suppose 94*i - 21*i - 1586277 = -26*i. What are the prime factors of i?
3, 7, 109
Suppose 9*m - 14 = 2*m. Suppose -m*c = -8, 2*d - c = 3*d - 23. List the prime factors of d.
19
Let x = -38423 - -69231. List the prime factors of x.
2, 3851
Suppose -5*r - 3*s = -r, 4*r + 8 = -s. Let c = r - -7. What are the prime factors of (1010/15)/(c/6)?
101
Let u(m) = 4779*m + 473. List the prime factors of u(10).
17, 167
Let r be -3*9/(54/(-628)). Suppose -5*o = -5*v + 1555, -o - 5*v = -3*v + r. Let l = 525 + o. What are the prime factors of l?
3, 71
What are the prime factors of ((-50910)/(-60) - -29)*116/6?
3, 5, 13, 29
Let t = -13 - -12. Let n = 4 + t. List the prime factors of (-2)/n + (-1505)/(-21).
71
Suppose 5*i + 2*s + 3606 = -1754, -3*s = -i - 1089. Let n = i - -1974. What are the prime factors of n?
2, 3, 5
Let x be (7 - 6 - 2) + 4. Let g(s) = 124*s - 2. What are the prime factors of g(x)?
2, 5, 37
Suppose -15*w = -13*w - 3*v - 4, -6 = 4*w + v. List the prime factors of (125 - w)*(5 - (8 - 4)).
2, 3, 7
Let b(f) = f**3 - 7*f**2 + 9*f - 6. Let d be b(6). Suppose i = d*i + 44. List the prime factors of i - -1 - (-89 + (1 - 0)).
5, 17
Let a(j) = 1000*j + 5107. What are the prime factors of a(11)?
3, 7, 13, 59
Suppose 2*o + 11457 = 21*o. Suppose 13*v - o = 1373. What are the prime factors of v?
2, 19
Let f = 160 - -226. Suppose -380*s - 5298 = -f*s. What are the prime factors of s?
883
Let c(q) = q**3 + 5*q**2 - 5*q + 2. Let v be c(-6). Let a(g) = 46 - 10*g**2 - 2*g**3 - 50 + g**2 - 6*g + 2*g**2. What are the prime factors of a(v)?
2, 3
Let u(l) = -22*l - 137. Suppose -4*b - 3*b - 112 = 0. What are the prime factors of u(b)?
5, 43
Suppose 60 = -3*a + 249. Let l(i) = -4*i**2 - 6*i - 6. Let m be l(-4). Let g = a + m. List the prime factors of g.
17
Let i be (-110)/5*((-1 - 2) + 1). Let v(l) = -i + 3*l**2 - 5*l + 32 + 10*l. What are the prime factors of v(-10)?
2, 7, 17
Let q be 0 - 1 - (-16 - -13). What are the prime factors of 1*285 + 10/q?
2, 5, 29
Let o(c) = 2*c**2 + 44*c - 380. List the prime factors of o(38).
2, 5, 11, 19
Let c(u) = -5*u**3 + 5*u**2 + 4*u + 4. Let d be c(-4). Suppose d = j + 3*j. Suppose -j - 56 = -3*l. List the prime factors of l.
3, 17
Suppose -7*n + 8 = -3*n - 2*w, 8 = -2*w. Suppose -o + 3 = 4, n = k - 3*o - 239. List the prime factors of 21/(-14)*(-8)/6 + k.
2, 7, 17
Let s(f) be the first derivative of f**3/3 - f**2 + 32. Let y be s(-5). Let p = -27 + y. List the prime factors of p.
2
Suppose -19785 - 852 = -61*y + 15353. What are the prime factors of y?
2, 5, 59
Let w = 207599 + -125336. What are the prime factors of w?
3, 17, 1613
Let z(s) = -4019*s - 332. What are the prime factors of z(-3)?
5, 7, 67
Let s = 76 - 62. Suppose 5*l + 2*l = s. Suppose 2*q - 636 = -4*u, l*q + 1013 - 361 = 4*u. List the prime factors of u.
7, 23
Suppose -3*v = -1 - 23. Let r be (-36)/v*(-2 - 10/3). Let o = 47 - r. List the prime factors of o.
23
Suppose 380 = -6*u - 4*u. Let k = u + 161. What are the prime factors of k?
3, 41
Let r(k) = -4*k**3 - k**2 + 4*k - 727. Let l(t) = t**3 - t + 182. Let v(p) = 9*l(p) + 2*r(p). What are the prime factors of v(0)?
2, 23
Let v(d) = 18*d - d**3 - 20*d**2 + 14*d**2 + 7 + 20. What are the prime factors of v(-11)?
2, 7, 31
Suppose -18*d = -17*d + 40. Let b = 575 + d. What are the prime factors of b?
5, 107
Suppose -154 = -2*g + 2*d, -g + d + d + 73 = 0. Let z = 42 + g. What are the prime factors of z?
3, 41
Let t(h) = -4*h**2 + 2*h + 3. Let s be t(-2). Let k(c) = c**2 + 19*c - 32. Let q be k(s). Let x = q + 125. List the prime factors of x.
59
Let b(n) be the first derivative of -5*n**2 + 1. Suppose -4*h + 2*v - 34 = 0, 405 = 2*v + 403. What are the prime factors of b(h)?
2, 5
Let w = 180 + -180. Let u(q) = -q**2 + 18*q + 256. What are the prime factors of u(w)?
2
Let d = 74390 + -34571. What are the prime factors of d?
3, 13, 1021
Let l = -10565 + 10567. Let u = -41 + 59. Suppose 5*a = u + 2, 0 = 3*c + l*a - 119. What are the prime factors of c?
37
Let d be 18/(-14) + 1 + (-80)/(-35). Suppose -v + 419 = 5*o, o + 849 = -0*v + d*v. What are the prime factors of v?
2, 53
Let w = -80 - -131. Suppose g + l - w = 149, g - 208 = -5*l. Suppose g = 2*a + 2. List the prime factors of a.
2, 7
Let c(z) = -99*z + 3190. List the prime factors of c(27).
11, 47
Let c = 10 + 169. Suppose 2672 = c*l - 171*l. What are the prime factors of l?
2, 167
Let z be ((-6)/27 + (-20)/(-90))/(-3). Suppose z = -0*o + 4*o - 288. What are the prime factors of o?
2, 3
Suppose -2*u + 6410 = 2*f, 3*u - 3483 = 2*f + 6132. List the prime factors of u.
5, 641
Let t = 2074 + -3495. Let g be 9/(-24) + t/(-56). Let q = -12 + g. What are the prime factors of q?
13
Suppose -4*a = -p + 29067, 3*p - 16*a = -11*a + 87201. What are the prime factors of p?
3, 9689
Let o(n) = -61*n - 2. Let i be o(2). Let z = -1398 + 1353. Let k = z - i. List the prime factors of k.
79
Suppose 3*u - 56684 = -5*a, 770*a - 94495 = -5*u + 766*a. List the prime factors of u.
3, 6301
Suppose 256 = -4*o - 148. Let d = o + 138. List the prime factors of d.
37
Suppose 19 = -4*i - 449. Let n = i + 167. Suppose -l - l = -n. What are the prime factors of l?
5
Let m be (-8 - (7 - -3))/((-2)/107). Let l = m - -12. List the prime factors of l.
3, 5, 13
Let m = 37727 - 4447. List the prime factors of m.
2, 5, 13
Let n = 124 - 84. Suppose -2*r = -4*z + n, -4*z - 2*r = -7*r - 46. Suppose -x = 4*w - 259, 7*w - z*w + 5*x + 113 = 0. List the prime factors of w.
2
Let u = -41 - -34. Let m be (-84)/u*9/12. Suppose -15*t + 456 = -m*t. What are the prime factors of t?
2, 19
Suppose 16 = 4*f - 0. Suppose 6*h - 22 = f*h. Let c(p) = -p**3 + 12*p**2 + p + 18. What are the prime factors of c(h)?
2, 3, 5
Let a(l) be the third derivative of -3*l**4/8 + 319*l**3/6 + 2*l**2 - 37. What are the prime factors of a(-28)?
571
Suppose 0*f - 312 = -3*f. Let u(c) = 2*